= -4 + 6. Suppose -5*o + 27 = 2*z - 6, 4*z - 5*o = 81. Calculate the remainder when z is divided by (-3)/(p - 23/10).
9
Suppose -10*q + 11*q = 58. Suppose -3*u = f - 31, 0 = 2*u - 4*f - q + 14. Calculate the remainder when 21 is divided by u.
9
Suppose -6*t + 17 = -49. Let r(o) = o**2 - 12*o + 25. What is the remainder when 110 is divided by r(t)?
12
Suppose i = -3*i - 20. What is the remainder when (-442)/i + 30/50 - -4 is divided by 24?
21
Let f(j) = j + 17. Let x be f(16). Let l = 5 + 48. Let p = l - x. Calculate the remainder when p is divided by 7.
6
Let f(v) = v**2 + v + 7. Let n = 1736 + -1726. What is the remainder when f(-5) is divided by n?
7
Let s = 158 + -126. Calculate the remainder when 38 is divided by s.
6
Suppose 16 + 11 = -3*t. Let r(o) = -6*o - 39. What is the remainder when 71 is divided by r(t)?
11
Let h(k) = k**2 - 14*k + 7. Let d be h(14). Let j(v) = v**3 - 6*v**2 - 7*v + 3. Calculate the remainder when 8 is divided by j(d).
2
Let t = -53 - -78. Let a = 45 - t. What is the remainder when 79 is divided by a?
19
Let c = -1020 + 1094. What is the remainder when 1183 is divided by c?
73
Suppose 5*w - 2*n - 21 = -3*n, -3*w = n - 13. Suppose -w = -4*g + 4, -3*g + 15 = 3*t. What is the remainder when 11 is divided by t?
2
Suppose 0 = -r - 0*r + 21. Calculate the remainder when r is divided by (-13)/(0 - -1)*(-32 + 31).
8
Suppose 4*k + 5 = 5*k. Suppose 8*z + 39 = 11*z. Suppose z = 5*q + x, 3*q - k*x = 4*q + 7. Calculate the remainder when q is divided by 1.
0
Let a = 4 + 1. Let m = 99 + -90. Calculate the remainder when m is divided by a.
4
Suppose 2*l + 181 = -4*y + y, -3*l + 308 = -5*y. Let g = y + 77. Calculate the remainder when 31 is divided by g.
15
Let w(m) = 2*m**2 + 19*m + 17. Let k be w(-14). Let d = k - 83. What is the remainder when d is divided by 9?
6
Suppose 7*a + 67 = 18. What is the remainder when (-1)/3 + 136/3 is divided by 800/70 + (-4)/a?
9
Let q = 711 + -675. What is the remainder when 285 is divided by q?
33
Calculate the remainder when 2/(-12) - (-14 + 118325/(-30)) is divided by 90.
88
Suppose 0*h = 4*h - 164. Let m be -1 + -1 + 3 - (-18 - -17). Suppose t - m*n = 17, 0 = -0*t - t - n + 8. Calculate the remainder when h is divided by t.
8
Let l(b) be the first derivative of -3 - 4*b + 2/3*b**3 + 4*b**2. Calculate the remainder when l(-7) is divided by 13.
12
Let x(d) = 11*d**2 - d - 3. Let o = 29 - 24. Suppose -2*b - 1 = -o. Calculate the remainder when x(b) is divided by 14.
11
Let x be (-5)/(-3)*24/8. Suppose x*d + 0*p = p + 47, 9 = 3*p. Calculate the remainder when 28 is divided by d.
8
Let b = -29 + 32. Suppose 4*j + 4*i - b = 49, -2*j = 4*i - 26. Calculate the remainder when 24 is divided by j.
11
Suppose 0 = 3*t - 5*t + 4*y + 110, -3*t - 5*y = -220. Calculate the remainder when 387 is divided by t.
62
Suppose 0 = -0*x + x - 8. Suppose 0 = x*h - 12*h + 708. What is the remainder when h is divided by 45?
42
Calculate the remainder when (-25)/(2750/(-311564)) + 2/(-5) is divided by 26.
24
Let s be (290/20)/((-1)/2). Let n = -20 - s. Let v = n + -3. What is the remainder when 15 is divided by v?
3
Let c(i) = -33*i**3 - 2*i**2 + 15*i + 16. What is the remainder when c(-1) is divided by 8?
0
Suppose -2 = 4*v - 82. Suppose 0 = 5*w - v, -4*x = -0*w + 5*w - 24. Calculate the remainder when 2 is divided by x.
0
Let t be (-918)/(-243) + 2/9. Suppose 5*u + 4*c - 142 = 0, t*u - 29 = 3*u - c. What is the remainder when 2/(-10) + (-1012)/(-10) is divided by u?
23
Let q = 6383 - 6298. Let y(o) = -o**3 - 6*o**2 + 5*o + 8. What is the remainder when q is divided by y(-7)?
19
Let q(z) be the first derivative of z**3/3 - 8*z**2 + 19*z + 11. Calculate the remainder when q(17) is divided by 19.
17
Let g = 82 - 117. Let k be g/14*(-1 - -11). Let b = 1 - k. Calculate the remainder when 102 is divided by b.
24
Suppose 4*c - 3*u - 59 = 28, -4*c + 82 = -2*u. Suppose 0 = -c*w + 13*w + 60. What is the remainder when 21 is divided by w?
9
Let k = -23 - -34. Let o be (5/((-10)/(-8)))/(5/10). Let p = o + 31. Calculate the remainder when p is divided by k.
6
Suppose -3*z + 3*f + 176 - 5 = 0, z = 5*f + 69. What is the remainder when z is divided by 18?
0
Suppose -5*q + r + 222 = 0, -3*r - 216 = -10*q + 5*q. What is the remainder when 81 is divided by q?
36
Suppose -12 = -4*y + 36. Suppose -13 = -2*s + 1. Suppose 89 = 2*i + v, 3*i + v - 141 = -s. Calculate the remainder when i is divided by y.
9
Let o(c) = c**3 - 2*c**2 + c. Let s be o(3). What is the remainder when 17 is divided by 27/s*48/9?
5
Let p(m) = -11*m**2 - 5*m - 12. Let q be p(-4). Let c = -162 - q. What is the remainder when 22 is divided by c?
4
Let p = -24 + 29. Suppose 0*x + p*q = -3*x + 43, 3*q + 5 = x. Calculate the remainder when 41 is divided by x.
8
Suppose 0*x + 28 = 2*x. What is the remainder when (-24)/72*(-324)/2 is divided by x?
12
Let t(b) = -b**3 - 2*b**2 + 7*b + 9. What is the remainder when 52 is divided by t(-4)?
0
Let x be (-1 - -2)/(1/11). Let s = 21 - x. What is the remainder when 57 is divided by s?
7
Let m(u) = u + 2. Let j be m(1). Suppose -j*z + 29 = 2. Suppose z*n - 5*n = 28. Calculate the remainder when n is divided by 3.
1
Suppose -12*c + 26*c - 42 = 0. What is the remainder when 28 is divided by c?
1
Let t(i) = i**2 + 17*i - 15. Let n be t(-18). Suppose 280 = 5*r - n*y, -2*y = -4*r + y + 221. What is the remainder when r is divided by 12?
11
Let q(z) = 26*z + 2. Let u be q(4). Let j = -71 + u. Let y = -15 + j. Calculate the remainder when y is divided by 11.
9
Suppose 648*k - 659*k = -275. Let a be (-12)/8*(-1 - 1). Suppose 0 = -4*h + a*h + 14. Calculate the remainder when k is divided by h.
11
Suppose -3*w = -6*w. Suppose w = -0*u + 3*u. Suppose 0 = -3*k + 5*g + 52, u*g = -g - 5. What is the remainder when 26 is divided by k?
8
Let q = -11 + 15. Suppose 4*g + 5*a = 28, -q*g - 2*a + 28 = a. What is the remainder when 24 is divided by g?
3
Let h(k) = 9*k**3 - 2*k**2 + 2*k + 3. Let a be h(-1). Let s = a + 24. Let i(u) = -u**2 - 7*u - 4. What is the remainder when s is divided by i(-3)?
6
Let j be (-12)/(-72) - (-70)/12. Calculate the remainder when ((-16)/j)/((-6)/27) is divided by 7.
5
Let v = -35 + 45. Calculate the remainder when 87 is divided by v.
7
Suppose 3*b = 2*r + 6, -4*b - r + 8 = 3*r. Suppose 12 = b*q + 4. Calculate the remainder when q is divided by (-8)/(-3) + (-4)/(-12).
1
What is the remainder when (2 - -1525)/3 - 7 is divided by 39?
34
Calculate the remainder when 1637/15 + 10/(-75) is divided by 33.
10
Suppose 7*y = 4*y + 5*b + 36, -b - 60 = -5*y. Let j(g) = g**3 - 13*g**2 + 11*g + 24. Let p = -7 + 15. Calculate the remainder when j(y) is divided by p.
4
Let h(q) = -4*q + 66. Calculate the remainder when 62 is divided by h(10).
10
Let y = -45 - -47. Suppose 2*n + y*n = -4*u + 92, 0 = -2*u. What is the remainder when 111 is divided by n?
19
Suppose v = -3*q - 7 + 2, 5*v = 4*q + 32. Let j = v + -3. Let x(g) = 50*g**3 + g**2 - g. Calculate the remainder when x(j) is divided by 13.
11
What is the remainder when 18 is divided by ((-2)/32)/((-12)/192)?
0
Let w = 17 - 10. Suppose 0 = 4*v + u - 106, -138*u + 91 = 3*v - 143*u. What is the remainder when v is divided by w?
6
Suppose 5*j = 67 + 23. Suppose -3*p = -2*p + 3*n - j, -p = -4*n - 39. Let v = -14 + p. Calculate the remainder when v is divided by 7.
6
Suppose 0*b + 19*b = 22306. Calculate the remainder when b is divided by 56.
54
Let x(g) = 2*g + 35. Let w be x(-14). Suppose -w = -q - l + 2, 0 = l + 1. Calculate the remainder when 27 is divided by q.
7
Suppose -4*w + 125 = -339. Let k = w - 83. What is the remainder when k is divided by 19?
14
Suppose -5*w - 81*l = -84*l - 115, 3*w = 4*l + 58. Let y(o) = 11*o - 6. What is the remainder when y(5) is divided by w?
23
Suppose -5*a - 5*a = -4230. What is the remainder when a/36 + (-3)/4 is divided by 7?
4
Suppose 3*c - 3*o + 106 + 596 = 0, -5*c + o - 1166 = 0. Let v = c + 241. Calculate the remainder when 2*(-23)/(-2) + -1 is divided by v.
6
Let a = -8 + 17. Suppose -3*z + 0*z = 2*u, 5*u + a = -3*z. Suppose -575 = -3*y - z*y. What is the remainder when y is divided by 29?
28
Suppose 0 = 16*n - 56 - 152. Calculate the remainder when 77 is divided by n.
12
Let g = -325 - -355. What is the remainder when 209 is divided by g?
29
Let